94900720 a multiple of 605?
True
Does 764 divide 104958653?
False
Is 3109247727 a multiple of 10?
False
Is 141 a factor of 527846895?
True
Is 85378710 a multiple of 3433?
True
Does 252 divide 3468905965?
False
Does 52 divide 36599597?
False
Is 259 a factor of 4841786?
False
Does 5 divide 32517602?
False
Is 509772294 a multiple of 225?
False
Does 793 divide 4171904?
False
Is 7 a factor of 645485059?
False
Is 45 a factor of 62309340?
True
Is 347577844 a multiple of 2586?
False
Does 13 divide 275918162?
True
Is 31352256 a multiple of 1272?
True
Is 3234170375 a multiple of 41?
False
Is 992055406 a multiple of 23?
False
Is 2157877 a multiple of 39?
False
Is 3524 a factor of 2439450236?
True
Does 286 divide 5418270?
True
Is 2054 a factor of 49914254?
True
Does 37 divide 129844?
False
Is 2338 a factor of 21621824?
True
Is 20777688 a multiple of 1926?
True
Is 84899890 a multiple of 622?
True
Is 2347 a factor of 120598248?
True
Is 1261 a factor of 203744814?
True
Does 320 divide 2310156345?
False
Is 1514268207 a multiple of 37?
False
Does 1877 divide 37829058?
True
Is 6 a factor of 17430792?
True
Is 586 a factor of 21742658?
False
Is 3 a factor of 21974287?
False
Is 24 a factor of 32456976?
True
Does 10 divide 9077060?
True
Does 413 divide 162048?
False
Does 2250 divide 51839173?
False
Is 171241027 a multiple of 29?
True
Is 210 a factor of 25153800?
True
Is 374 a factor of 1864204496?
True
Does 8 divide 15270794?
False
Does 71 divide 45094260?
False
Does 19 divide 348150775?
True
Is 20040787 a multiple of 13?
True
Does 19 divide 1352457748?
False
Does 80 divide 9631840?
True
Does 14 divide 311094155?
False
Is 28 a factor of 4158227465?
False
Does 1249 divide 33093504?
True
Is 827031702 a multiple of 147?
True
Is 973 a factor of 1226960784?
True
Does 1960 divide 78384320?
True
Is 303609127 a multiple of 97?
True
Is 3387 a factor of 713952504?
True
Is 431619724 a multiple of 1071?
False
Is 8 a factor of 278509592?
True
Is 352 a factor of 14601312?
True
Is 1333644982 a multiple of 3107?
False
Is 24 a factor of 4018317840?
True
Is 131483484 a multiple of 2188?
True
Does 6 divide 216166720?
False
Is 146674944 a multiple of 3699?
False
Does 21 divide 96554403?
False
Is 13 a factor of 102937581?
False
Does 73 divide 9680222?
False
Is 25 a factor of 41033643?
False
Does 19 divide 40363784?
False
Is 53071986 a multiple of 814?
True
Does 473 divide 62461542?
True
Does 10 divide 563705497?
False
Is 6924 a factor of 2392163757?
False
Does 11 divide 13535742?
True
Does 130 divide 48561472?
False
Does 1827 divide 1824363639?
True
Does 1717 divide 25001237?
True
Does 8111 divide 409362170?
True
Is 411 a factor of 65050478?
False
Is 676 a factor of 30997980?
True
Is 190 a factor of 1340688358?
False
Is 42 a factor of 549380706?
True
Is 17 a factor of 751086962?
True
Is 19924594 a multiple of 22?
False
Is 89613375 a multiple of 916?
False
Does 4 divide 874936124?
True
Is 16 a factor of 106382400?
True
Is 1727 a factor of 52410996?
True
Is 578654283 even?
False
Is 1295830383 a multiple of 6261?
False
Is 1024 a factor of 2060555264?
True
Does 406 divide 921833876?
False
Does 145 divide 9240401?
False
Does 721 divide 70215306?
True
Is 39501120 a multiple of 46?
True
Does 61 divide 105499889?
False
Does 1650 divide 197985150?
True
Is 7082 a factor of 3653398422?
True
Is 706734809 a multiple of 103?
True
Is 39554352 a multiple of 488?
True
Does 5555 divide 177475312?
False
Is 106400197 a multiple of 90?
False
Does 24 divide 1568313488?
False
Does 68 divide 61608178?
False
Does 2215 divide 368948120?
True
Does 147 divide 198092567?
False
Is 177 a factor of 31907059?
False
Is 61 a factor of 363671881?
False
Is 5430 a factor of 504045180?
True
Does 3 divide 276923470?
False
Is 2284117 a multiple of 4?
False
Is 20 a factor of 1755182100?
True
Is 58727064 a multiple of 2068?
True
Does 2177 divide 6371177451?
False
Is 339 a factor of 93919611?
True
Is 2824 a factor of 138994456?
True
Is 68 a factor of 3656135?
False
Is 400086568 a multiple of 56?
True
Does 77 divide 168921044?
False
Is 232403292 a multiple of 3054?
True
Is 22 a factor of 183944155?
False
Is 2680105 a multiple of 11?
False
Is 850596384 a multiple of 242?
False
Does 14 divide 7411922?
True
Does 10 divide 32849590?
True
Is 335 a factor of 106736193?
False
Does 18 divide 820375322?
False
Is 3090889522 a multiple of 9?
False
Is 295589 a multiple of 148?
False
Does 20 divide 512994537?
False
Is 4142 a factor of 833321257?
False
Is 9266043 a multiple of 9?
False
Does 155 divide 3092295?
False
Is 577 a factor of 20374310?
False
Does 38 divide 5256546241?
False
Is 1653 a factor of 63904980?
True
Is 142 a factor of 25605724?
True
Is 98446574 a multiple of 76?
False
Is 22847530 a multiple of 9?
False
Does 164 divide 322789884?
True
Is 298395282 a multiple of 526?
False
Is 4 a factor of 9951272?
True
Does 994 divide 7153818?
True
Is 5850649 a multiple of 139?
True
Is 19 a factor of 4229619?
False
Is 733 a factor of 117507061?
False
Is 41161402 a multiple of 1097?
False
Is 5904132 a multiple of 80?
False
Does 118 divide 12520999?
False
Is 8 a factor of 11257568?
True
Is 29141788 a multiple of 86?
True
Is 114 a factor of 21603722?
False
Is 1718 a factor of 45161066?
True
Is 11915414 a multiple of 134?
True
Is 51 a factor of 15692853?
True
Is 15 a factor of 1628039745?
True
Is 8773212 a multiple of 798?
True
Does 1749 divide 1909100581?
False
Is 6 a factor of 8259219?
False
Is 66 a factor of 1956765?
False
Does 4178 divide 866258164?
True
Does 2 divide 805789550?
True
Is 9958888 a multiple of 232?
False
Is 1717244490 a multiple of 13?
True
Does 107 divide 10240233?
False
Is 39 a factor of 1304657640?
True
Does 12 divide 98858436?
True
Does 55 divide 48915790?
True
Does 65 divide 408258?
False
Is 276 a factor of 98211358?
False
Is 31 a factor of 196932512?
False
Does 348 divide 134210735?
False
Is 1689 a factor of 35578681?
False
Is 62 a factor of 611963620?
False
Is 3096 a factor of 26901144?
True
Does 1110 divide 137867550?
True
Is 175063 a multiple of 623?
True
Does 46 divide 7259306?
True
Does 10 divide 1718393080?
True
Is 32562280 a multiple of 26?
False
Is 1031329723 a multiple of 4868?
False
Is 1285 a factor of 9537270?
True
Is 2 a factor of 9695760?
True
Is 12 a factor of 27232872?
True
Is 726381414 a multiple of 11?
True
Is 21 a factor of 411808425?
True
Is 2588502713 a multiple of 33?
False
Is 704 a factor of 19279865?
False
Is 14884480 a multiple of 16?
True
Is 44776319 a multiple of 1000?
False
Is 79 a factor of 5597688937?
False
Does 7 divide 2658286?
False
Does 1088 divide 1902412?
False
Is 27387030 a multiple of 74?
True
Is 7075924 a multiple of 7?
False
Does 9 divide 67876587?
True
Does 883 divide 133563762?
False
Is 7 a factor of 21080702?
False
Is 13 a factor of 191574136?
True
Is 106 a factor of 241256?
True
Does 7 divide 175490392?
True
Does 23 divide 2356395?
False
Is 77 a factor of 1679485885?
True
Is 16 a factor of 5897756704?
True
Does 1616 divide 73422960?
True
Does 350 divide 132082650?
True
Is 124141849 a multiple of 338?
False
Is 261964369 a multiple of 459?
False
Is 570922310 a multiple of 2105?
True
Is 478 a factor of 793194156?
True
Does 104 divide 70574608?
True
Is 704583528 a multiple of 44?
True
Is 10 a factor of 497955?
False
Is 3878170 even?
True
Is 113008434 a multiple of 2752?
False
Is 10425417 a multiple of 17?
False
Does 59 divide 104936751?
True
Does 327 divide 64837550?
False
Does 120 divide 26661224?
False
Does 267 divide 1952901546?
True
Does 1704 divide 100679136?
True
Is 1178196846 a multiple of 324?
False
Is 234663654 a multiple of 3209?
False
Does 3601 divide 177794367?
False
Is 6 a factor of 95957424?
True
Is 20 a factor of 189357340?
True
Is 81368340 a multiple of 1569?
True
Is 1673 a factor of 306138613?
False
Is 15 a factor of 1262547255?
True
Does 84 divide 269217228?
True
Does 1022 divide 202546664?
False
Is 16 a factor of 5573258723?
False
Is 128603757 a multiple of 265?
False
Is 608580087 a multiple of 317?
True
Does 307 divide 21738363?
True
Is 1463544324 a multiple of 354?
True
Is 9787113 a multiple of 19?
False
Does 16 divide 7442896?
True
Is 1606 a factor of 13440156?
False
Is 644 a factor of 72580427?
False
Is 17836934 a multiple of 27?
False
Is 787230 even?
True
